{"id":591,"date":"2020-08-01T10:10:35","date_gmt":"2020-08-01T08:10:35","guid":{"rendered":"https:\/\/testowastrona.net.pl\/bw1920\/?page_id=591"},"modified":"2020-10-06T19:05:24","modified_gmt":"2020-10-06T17:05:24","slug":"powolanie-samorzadowego-komitetu-na-rzecz-upamietnienia-bitwy-warszawskiej-1920-r","status":"publish","type":"page","link":"https:\/\/testowastrona.net.pl\/bw1920\/powolanie-samorzadowego-komitetu-na-rzecz-upamietnienia-bitwy-warszawskiej-1920-r\/","title":{"rendered":"POWO\u0141ANIE SAMORZ\u0104DOWEGO KOMITETU NA RZECZ UPAMI\u0118TNIENIA BITWY WARSZAWSKIEJ 1920 R."},"content":{"rendered":"    <!--[section]-->\n\t\t<style>\n.bd-section-993892577{padding-top:6em;padding-bottom:6em;background-color:#f0f0f0;}\n@media (max-width: 991px) {.bd-section-993892577{padding-top:3em;padding-bottom:3em;}}\n.bd-section-993892577{\n\tline-height:  24px;\n\ttext-align:  center;\n\tcolor:  #000000;\n\tfont-size:  16px;\n}\n.bd-section-993892577 h3{\n\tline-height:  36px;\n\tfont-size:  30px;\n\ttext-transform:  uppercase;\n\tletter-spacing:  0;\n\tcolor:  #000000;\n}\n.bd-section-993892577 h1{\n\tline-height:  51.42857144px;\n\tfont-size:  36px;\n\tfont-weight:  bold;\n}\n\n@media (max-width: 1199px) {.bd-section-993892577{\n\ttext-align:  justify;\n}\n.bd-section-993892577 h3{\n\tline-height:  34.2857143px;\n\tfont-size:  24px;\n}\n.bd-section-993892577 h1{\n\tline-height:  42.85714287px;\n\tfont-size:  30px;\n}\n}\n@media (max-width: 991px) {.bd-section-993892577{\n\tline-height:  20.00000001px;\n\tfont-size:  14px;\n}\n.bd-section-993892577 h1{\n\tline-height:  34.2857143px;\n\tfont-size:  24px;\n}\n}\n@media (max-width: 767px) {.bd-section-993892577{\n\tline-height:  17.14285715px;\n\ttext-align:  left;\n\tfont-size:  12px;\n}\n}<\/style>\t\t<section id=aktualnosci1 class=\" bd-section-993892577  bd-tagstyles\" data-section-title=\"Three Columns with Icons\">\n\t\t\t<div class=\"bd-container-inner bd-margins clearfix\">\n\t\t\t\t<!--{content}-->\n\t\t\t\t\t<!--[layoutbox]--><style>\n.additional-class-253366065{margin-left:auto;margin-right:auto;padding-right:5em;padding-left:5em;}\n@media (max-width: 1199px) {.additional-class-253366065{width:100%;}}\n@media (max-width: 991px) {.additional-class-253366065{padding-right:3em;padding-left:3em;}}\n@media (max-width: 767px) {.additional-class-253366065{width:100%;padding-right:1em;padding-left:1em;}}<\/style><div class=\"clearfix  additional-class-253366065  bd-no-margins bd-no-margins\"><div class=\"bd-container-inner\"><!--{content}-->    <!--[text]-->\n        <style>\n.additional-class-1395808025{\n\tline-height:  34.2857143px;\n\tfont-size:  24px;\n\tfont-weight:  bold;\n\ttext-align:  left;\n\tletter-spacing:  1px;\n}\n\n@media (max-width: 1199px) {.additional-class-1395808025{\n\tline-height:  28.57142858px;\n\tfont-size:  20px;\n}\n}\n@media (max-width: 991px) {.additional-class-1395808025{\n\tline-height:  22.85714286px;\n\tfont-size:  16px;\n}\n}\n@media (max-width: 767px) {.additional-class-1395808025{\n\tline-height:  20.00000001px;\n\ttext-align:  left;\n\tfont-size:  14px;\n}\n}<\/style>        <p class=\" additional-class-1395808025  bd-content-element\">\n            <!--{content}-->\n                Powo\u0142anie Samorz\u0105dowego Komitetu na rzecz upami\u0119tnienia <br>Bitwy Warszawskiej 1920 r.            <!--{\/content}-->\n        <\/p>\n    <!--[\/text]-->\n<!--{\/content}--><\/div><\/div><!--[\/layoutbox]-->\n\t\n\t\t    <!--[columns]-->\n        <style>\n.bd-layoutcontainer-792488635 > .bd-container-inner > .container-fluid > .row{margin-top:-10px;margin-bottom:-10px;height:calc(120%);}\n.bd-layoutcontainer-792488635 > .bd-container-inner > .container-fluid > .row > div{padding-top:10px;padding-bottom:10px;}\n.bd-layoutcontainer-792488635  > .bd-container-inner > .container-fluid:after{display:none;}<\/style><style>\n.bd-layoutcontainer-792488635 > .bd-container-inner > .container-fluid, .bd-layoutcontainer-792488635 > .bd-container-inner > .container-fluid > .row{height:100%;}<\/style><style>.bd-layoutcontainer-792488635 > .bd-container-inner > .container-fluid {padding-left: 0; padding-right: 0;}<\/style>        <style>\n.bd-layoutcolumn-1394091299{background-color:#ffffff;padding:2em 5em;border:1px solid #dddddd;}\n@media (max-width: 991px) {.bd-layoutcolumn-1394091299{padding-right:3em;padding-left:3em;}}\n@media (max-width: 767px) {.bd-layoutcolumn-1394091299{padding:1em;}}<\/style>        <div class=\" bd-layoutcontainer-792488635  bd-columns bd-no-margins\">\n            <div class=\"bd-container-inner\">\n                <div class=\"container-fluid\">\n                    <div class=\"row bd-row-flex bd-row-align-top\">\n                        <!--{content}-->\n                                <!--[column]-->\n        <div class=\"col-md-12 col-sm-12 bd-columnwrapper-1394091299\">\n            <div class=\"bd-column  bd-layoutcolumn-1394091299 \">\n                <div class=\"bd-vertical-align-wrapper\">\n                    <!--{content}-->\n                            <!--[text]-->\n        <style>\n.additional-class-1865299703{width:100%;display:inline-block;padding-top:1em;}\n.additional-class-1865299703{\n\ttext-align:  justify;\n\tletter-spacing:  1px;\n}\n\n@media (max-width: 767px) {.additional-class-1865299703{\n\ttext-align:  justify;\n}\n}<\/style>        <p class=\" additional-class-1865299703  bd-content-element\">\n            <!--{content}-->\n                Samorz\u0105dy \u0142\u0105cz\u0105 si\u0142y, aby godnie upami\u0119tni\u0107 100. rocznic\u0119 Bitwy Warszawskiej. Komitet na rzecz upamie\u0328tnienia Bitwy Warszawskiej 1920 r. utworzy\u0142o w s\u0301rode\u0328 kilkadziesia\u0328t samorza\u0328d\u00f3w.&nbsp;Deklaracje\u0328 w sprawie powo\u0142ania komitetu podpisano w Senacie. Inicjatywe\u0328 wspieraja\u0328 marsza\u0142ek Senatu Tomasz Grodzki, a takz\u0307e Zwia\u0328zek Miast Polskich, Stowarzyszenie \u201eMetropolia Warszawa\u201d oraz Fundacja Niezwyk\u0142a Historia.            <!--{\/content}-->\n        <\/p>\n    <!--[\/text]-->\n\n\t\n\t\t\n    <!--[separator]-->\n    <style>\n.bd-separator-864109023{padding:10px 0px;}<\/style>        <style>\n.bd-separator-864109023 .bd-separator-inner:before, .bd-separator-864109023 .bd-separator-inner:after{border-top:1px solid #dddddd;}<\/style>    <style>\n.bd-separator-864109023 .bd-separator-inner{width:75%;}<\/style>\n    <div class=\" bd-separator-864109023  bd-separator-center bd-separator-content-center clearfix\">\n        <div class=\"bd-container-inner\">\n            <div class=\"bd-separator-inner\">\n                                <!--{content}--><!--{\/content}-->\n            <\/div>\n        <\/div>\n    <\/div>\n    <!--[\/separator]-->\n\n    \n\t\n\t\t    <!--[image_scaling]-->\n        <style>\n.bd-imagescaling-578778081.bd-imagescaling-img, .bd-imagescaling-578778081 .bd-imagescaling-img{background-position:center center;background-repeat:no-repeat;background-size:cover;}<\/style>        <!--{content}-->\n            <!--[image]--><style>\n.additional-class-1582420314{width:auto;}<\/style><img decoding=\"async\" src=\"https:\/\/testowastrona.net.pl\/bw1920\/wp-content\/uploads\/2020\/07\/85c8541332716c2fc616dbe50b20c8a2_info11024x683.jpg\" class=\" additional-class-1582420314 bd-imagestyles bd-own-margins bd-imagescaling  bd-imagescaling-578778081 \"><!--{content}--><!--{\/content}--><!--[\/image]-->        <!--{\/content}-->\n    <!--[\/image_scaling]-->\n\n\t\n\t\t    <!--[text]-->\n        <style>\n.additional-class-869268079{width:auto;display:inline-block;padding-bottom:1em;padding-top:1em;}\n.additional-class-869268079{\n\ttext-align:  justify;\n\tletter-spacing:  1px;\n}\n\n@media (max-width: 767px) {.additional-class-869268079{\n\ttext-align:  justify;\n}\n}<\/style>        <p class=\" additional-class-869268079  bd-content-element\">\n            <!--{content}-->\n                G\u0142\u00f3wnym obszarem dzia\u0142an\u0301 Samorza\u0328dowego Komitetu na rzecz upamie\u0328tnienia Bitwy Warszawskiej 1920 r. jest wspieranie \u2013 we wsp\u00f3\u0142pracy z w\u0142adzami pan\u0301stwowymi, samorza\u0328dowymi i kos\u0301cielnymi \u2013 przygotowania uroczystos\u0301ci rocznicowych, a takz\u0307e wspieranie inicjatywy budowy Muzeum Bitwy Warszawskiej 1920 r.            <!--{\/content}-->\n        <\/p>\n    <!--[\/text]-->\n\n\t\n\t\t\n    <!--[separator]-->\n    <style>\n.bd-separator-717356501{padding:10px 0px;}<\/style>        <style>\n.bd-separator-717356501 .bd-separator-inner:before, .bd-separator-717356501 .bd-separator-inner:after{border-top:1px solid #dddddd;}<\/style>    <style>\n.bd-separator-717356501 .bd-separator-inner{width:75%;}<\/style>\n    <div class=\" bd-separator-717356501  bd-separator-center bd-separator-content-center clearfix\">\n        <div class=\"bd-container-inner\">\n            <div class=\"bd-separator-inner\">\n                                <!--{content}--><!--{\/content}-->\n            <\/div>\n        <\/div>\n    <\/div>\n    <!--[\/separator]-->\n\n    \n\t\n\t\t    <!--[image_scaling]-->\n        <style>\n.bd-imagescaling-992133647.bd-imagescaling-img, .bd-imagescaling-992133647 .bd-imagescaling-img{background-position:center center;background-repeat:no-repeat;background-size:cover;}<\/style>        <!--{content}-->\n            <!--[image]--><style>\n.additional-class-720864512{height:350px;}<\/style><img decoding=\"async\" src=\"https:\/\/testowastrona.net.pl\/bw1920\/wp-content\/uploads\/2020\/08\/0febed80ae694297dff66b48771adf91_info21024x683.jpg\" class=\" additional-class-720864512 bd-imagestyles bd-own-margins bd-imagescaling  bd-imagescaling-992133647 \"><!--{content}--><!--{\/content}--><!--[\/image]-->        <!--{\/content}-->\n    <!--[\/image_scaling]-->\n\n\t\n\t\t    <!--[text]-->\n        <style>\n.additional-class-2146599908{width:auto;display:inline-block;padding-bottom:1em;padding-top:1em;}\n.additional-class-2146599908{\n\ttext-align:  justify;\n\tletter-spacing:  1px;\n}\n\n@media (max-width: 767px) {.additional-class-2146599908{\n\ttext-align:  justify;\n}\n}<\/style>        <p class=\" additional-class-2146599908  bd-content-element\">\n            <!--{content}-->\n                Powo\u0142anie komitetu jest oddolna\u0328 inicjatywa\u0328 samorza\u0328dowc\u00f3w (przede wszystkim z gmin lez\u0307a\u0328cych na szlaku bitewnym), niezalez\u0307na\u0328 od oficjalnych pan\u0301stwowych struktur. Pomys\u0142odawca\u0328 jest gmina Wo\u0142omin na czele z Pania\u0328 Burmistrz Elz\u0307bieta\u0328 Radwan, do kt\u00f3rej do\u0142a\u0328czy\u0142o ponad 20 samorza\u0328d\u00f3w.\n<br>\n<br>Fundacja Niezwyk\u0142a Historia, kt\u00f3rej misja\u0328 od 2011 r. jest inicjowanie, kreowanie i realizowanie nowatorskich rozwi\u0105za\u0144\u0301 w zakresie promocji historii Polski wspiera dzia\u0142anie Komitetu.            <!--{\/content}-->\n        <\/p>\n    <!--[\/text]-->\n                    <!--{\/content}-->\n                <\/div>\n            <\/div>\n        <\/div>\n    <!--[\/column]-->\n                        <!--{\/content}-->\n                    <\/div>\n                <\/div>\n            <\/div>\n        <\/div>\n    <!--[\/columns]-->\n\t\t\t\t<!--{\/content}-->\n\t\t\t<\/div>\n\t\t<\/section>\n\t<!--[\/section]-->\n\n","protected":false},"excerpt":{"rendered":"","protected":false},"author":2,"featured_media":0,"parent":0,"menu_order":0,"comment_status":"closed","ping_status":"closed","template":"","meta":{"footnotes":""},"_links":{"self":[{"href":"https:\/\/testowastrona.net.pl\/bw1920\/wp-json\/wp\/v2\/pages\/591"}],"collection":[{"href":"https:\/\/testowastrona.net.pl\/bw1920\/wp-json\/wp\/v2\/pages"}],"about":[{"href":"https:\/\/testowastrona.net.pl\/bw1920\/wp-json\/wp\/v2\/types\/page"}],"author":[{"embeddable":true,"href":"https:\/\/testowastrona.net.pl\/bw1920\/wp-json\/wp\/v2\/users\/2"}],"replies":[{"embeddable":true,"href":"https:\/\/testowastrona.net.pl\/bw1920\/wp-json\/wp\/v2\/comments?post=591"}],"version-history":[{"count":0,"href":"https:\/\/testowastrona.net.pl\/bw1920\/wp-json\/wp\/v2\/pages\/591\/revisions"}],"wp:attachment":[{"href":"https:\/\/testowastrona.net.pl\/bw1920\/wp-json\/wp\/v2\/media?parent=591"}],"curies":[{"name":"wp","href":"https:\/\/api.w.org\/{rel}","templated":true}]}}